what is 12d20 - 4?
12d1a
In base 14, what is 2 - 15c7?
-15c5
In base 7, what is 520 + -445?
42
In base 11, what is 5 - -839?
843
In base 12, what is -6 - 1a45b0?
-1a45b6
In base 10, what is 4553 + -272?
4281
In base 15, what is 0 + 2d5a6?
2d5a6
In base 12, what is -14 + 6b6?
6a2
In base 3, what is 1212 + 102020?
111002
In base 13, what is -625 + 1c93?
166b
In base 8, what is -4 + 172737?
172733
In base 6, what is 32554 - 1?
32553
In base 5, what is 2242314 + 2?
2242321
In base 7, what is 125036 - -1?
125040
In base 10, what is -14013 + 50?
-13963
In base 2, what is 1010 + -10011000101111?
-10011000100101
In base 13, what is c + 10731?
10740
In base 7, what is 11 + -63143?
-63132
In base 15, what is 142e - -53?
1482
In base 15, what is -2072 + 2?
-2070
In base 6, what is 2 + 1434211?
1434213
In base 7, what is 15132 - -5?
15140
In base 11, what is 45 + -9454?
-940a
In base 5, what is 100410 + 23?
100433
In base 10, what is -773 - -558?
-215
In base 16, what is -4 + 141d5?
141d1
In base 15, what is 5 + -25e6?
-25e1
In base 12, what is -569860 - 1?
-569861
In base 6, what is -234525544 - -3?
-234525541
In base 14, what is -2 - c4658?
-c465a
In base 7, what is 2253 + 141?
2424
In base 6, what is -25 - 430?
-455
In base 3, what is -102010 - -22?
-101211
In base 10, what is 19 - 4208?
-4189
In base 10, what is 84 - -46?
130
In base 2, what is 10011 + 111101011000011?
111101011010110
In base 5, what is 10 + 141011031?
141011041
In base 11, what is -2192 - 11?
-21a3
In base 12, what is 54369 + -2?
54367
In base 4, what is -123011 - 12123?
-201200
In base 16, what is 41a + 2?
41c
In base 3, what is -11 - 2110011221102?
-2110011221120
In base 3, what is 12011 + -2002?
10002
In base 7, what is 1555 + -150?
1405
In base 14, what is -2aab - -26?
-2a85
In base 8, what is 13 - 423455?
-423442
In base 2, what is -11111 + 11101010000011?
11101001100100
In base 15, what is 4623 - -84?
46a7
In base 4, what is -12001020 + 201?
-12000213
In base 10, what is 3 - 113640?
-113637
In base 13, what is 5966 + 5?
596b
In base 12, what is 292 - 52b?
-259
In base 5, what is -240224 + -243?
-241022
In base 4, what is -321 - 2002212?
-2003133
In base 12, what is -1407 - 269?
-1674
In base 14, what is -9 + 2dbd2?
2dbc7
In base 6, what is -4 - -13555203?
13555155
In base 14, what is 2a + -22a7?
-227b
In base 14, what is 1 - -1dd7b?
1dd7c
In base 3, what is 12 + -1110102222?
-1110102210
In base 8, what is -4 - -66241?
66235
In base 8, what is -23 - -43341?
43316
In base 6, what is -425 - -150?
-235
In base 2, what is 111000101 - 1001011011101?
-1000100011000
In base 9, what is -37227 - 146?
-37374
In base 12, what is -13510 - 2?
-13512
In base 5, what is -33 - -4213?
4130
In base 14, what is 4 - -23082?
23086
In base 5, what is -1012 - 301?
-1313
In base 7, what is 1346 + 562?
2241
In base 4, what is 132113332 + -11?
132113321
In base 9, what is -4 - -16117?
16113
In base 5, what is -11233 + -241?
-12024
In base 7, what is 12 + 6145?
6160
In base 8, what is -3640 + -14?
-3654
In base 4, what is -332332211 + -23?
-332332300
In base 3, what is 11 + -112102122212?
-112102122201
In base 10, what is -93 - -360?
267
In base 4, what is 101 + -1002310?
-1002203
In base 11, what is -1678 - 105?
-1782
In base 11, what is 500a + -40?
4a7a
In base 14, what is 1 + 410c7?
410c8
In base 16, what is 24a635 + 4?
24a639
In base 2, what is 101 - -110011001111101?
110011010000010
In base 5, what is -3002 + -2341?
-10343
In base 15, what is 94317 + 0?
94317
In base 16, what is -39 - 2a8?
-2e1
In base 6, what is 11154 + 11520?
23114
In base 8, what is -3 + -1764510?
-1764513
In base 3, what is -1212 + 121001012?
120222100
In base 14, what is 8 - 918?
-910
In base 16, what is 19f658 + -1?
19f657
In base 14, what is 37 + -85?
-4c
In base 8, what is 0 - 103541?
-103541
In base 15, what is -287 + 68?
-21e
In base 6, what is 124 - -35021?
35145
In base 7, what is -25664 + -4?
-26001
In base 5, what is 4 - -32022000?
32022004
In base 11, what is 3 - -1122?
1125
In base 3, what is 100 + -11212200?
-11212100
In base 9, what is 4 - 56854?
-56850
In base 9, what is -1 + -174187?
-174188
In base 16, what is -5 - 2178?
-217d
In base 5, what is 121044 + 440?
122034
In base 12, what is 3735 - 2?
3733
In base 4, what is 32222 + 323?
33211
In base 15, what is 2a0338 + -2?
2a0336
In base 13, what is -6ca6 + -29?
-7002
In base 12, what is 1aa5a + 54?
1aab2
In base 6, what is 44 - -4450?
4534
In base 15, what is -4 - eca0?
-eca4
In base 13, what is 28 + -620?
-5c5
In base 7, what is 2 + -2343032?
-2343030
In base 11, what is 3a + -295?
-256
In base 13, what is a4 + -194?
-c0
In base 4, what is -12130313030 + 10?
-12130313020
In base 3, what is 10011110101211 - -11?
10011110101222
In base 16, what is c + 141f?
142b
In base 8, what is 5 + -5513?
-5506
In base 7, what is -566 - 316?
-1215
In base 14, what is -ac84 - 4?
-ac88
In base 15, what is -31 + 323?
2e2
In base 9, what is -471817 - -1?
-471816
In base 13, what is 3631 + -4?
362a
In base 13, what is -11c184 + -4?
-11c188
In base 2, what is -10100001110011100000 - 1?
-10100001110011100001
In base 8, what is -16 + 5035?
5017
In base 12, what is -1654 + 19?
-1637
In base 16, what is 4 + 66b9?
66bd
In base 10, what is 73 - 1212?
-1139
In base 3, what is 1 + -22111201?
-22111200
In base 3, what is 10000021012 - 111?
10000020201
In base 8, what is 606 + 17625?
20433
In base 8, what is 1103151 - 12?
1103137
In base 5, what is 140420 + 4?
140424
In base 12, what is -75 + -6aa?
-763
In base 5, what is 0 - 4002133?
-4002133
In base 16, what is -5 - -1ffe?
1ff9
In base 4, what is -211101203 - 1?
-211101210
In base 12, what is -16082 + 4?
-1607a
In base 13, what is 30c - -4b1?
7c0
In base 15, what is 0 + -3c7?
-3c7
In base 8, what is 1007 + -3?
1004
In base 3, what is 2222210201212 + -12?
2222210201200
In base 12, what is 3 + -83012?
-8300b
In base 16, what is 63ea + 5?
63ef
In base 7, what is -310032 + 5?
-310024
In base 2, what is 101110101 + -11?
101110010
In base 10, what is -114 - -6621?
6507
In base 8, what is 56 - -21427?
21505
In base 16, what is 2 + -a113a?
-a1138
In base 12, what is -5baa - 8?
-5bb6
In base 8, what is 362 + -401?
-17
In base 5, what is -41 + 22331?
22240
In base 7, what is -353 - -14256?
13603
In base 12, what is 614 + 375?
989
In base 13, what is 4660 - 14?
4649
In base 10, what is -4 + -856?
-860
In base 7, what is 4 + 214320?
214324
In base 11, what is -46 - 1581?
-1617
In base 13, what is 55a + -30?
52a
In base 10, what is -4865892 - -4?
-4865888
In base 13, what is -11c47 - 58?
-11ca2
In base 15, what is -b - -2884?
2878
In base 4, what is 123233233023 + -2?
123233233021
In base 3, what is 1020 + -112112020?
-112111000
In base 6, what is 1 - 5203523?
-5203522
In base 16, what is 10ccf - -5?
10cd4
In base 13, what is -70 + 2168?
20c8
In base 2, what is -1000100 + -1100101101?
-1101110001
In base 12, what is 6a3874 + 2?
6a3876
In base 5, what is 4 + 233140?
233144
In base 15, what is -2a - -a9?
7e
In base 6, what is -5030313 + 4?
-5030305
In base 5, what is -1430024 - -1?
-1430023
In base 13, what is 444cb - 2?
444c9
In base 9, what is 862 + -66?
785
In base 15, what is -21 - -4633?
4612
In base 2, what is -11101010011101 - -10?
-11101010011011
In base 7, what is -10105 + 561?
-6214
In base 13, what is -142b5a - -3?
-142b57
In base 14, what is 7d - 25d1?
-2552
In base 9, what is -707827 + -4?
-707832
In base 15, what is 202942 + -5?
20293c
In base 2, what is 11 - 10001010000111000011?
-10001010000111000000
In base 9, what is -1378 + -115?
-1504
In base 10, what is -688469 + -1?
-688470
In base 5, what is -300410230 + 11?
-300410214
In base 3, what is -1101 + -111221221?
-112000022
In base 13, what is -3 + 18c50?
18c4a
In base 15, what is 4 + 2a41?
2a45
In base 4, what is 11222 + -30202?
-12320
In base 7, what is -6504 - -1?
-6503
In base 14, what is -31c9aa + 3?
-31c9a7
In base 4, what is -1022222 + 31?
-1022131
In base 13, what is -27a5 - -a?
-2798
In base 9, what is 3 + 3037167?
3037171
In base 10, what is 323 + 109?
432
In base 3, what is 11102102110 + 111?
11102102221
In base 8, what is -14765 - -5?
-14760
In base 10, what is 4 - 97213?
-97209
In base 6, what is -35343013 - -1?
-35343012
In base 16, what is -3649 - -b?
-363e
In base 12, wh